20056080?
8
What is the hundred thousands digit of 1034627824?
6
What is the ten millions digit of 507747642?
0
What is the hundreds digit of 254824274?
2
What is the hundreds digit of 65794682?
6
What is the hundred millions digit of 1407023517?
4
What is the millions digit of 414214817?
4
What is the ten thousands digit of 838905023?
0
What is the ten millions digit of 3601681227?
0
What is the thousands digit of 3493773566?
3
What is the thousands digit of 2694837441?
7
What is the hundred thousands digit of 141327187?
3
What is the ten millions digit of 228108536?
2
What is the units digit of 1209131775?
5
What is the ten millions digit of 961829894?
6
What is the units digit of 60482263?
3
What is the ten thousands digit of 3222528826?
2
What is the hundred millions digit of 1400675735?
4
What is the tens digit of 30353096?
9
What is the ten thousands digit of 1873868933?
6
What is the units digit of 304205903?
3
What is the ten thousands digit of 3728819995?
1
What is the tens digit of 8287050210?
1
What is the hundred thousands digit of 25916736?
9
What is the hundred thousands digit of 3006412666?
4
What is the millions digit of 326150539?
6
What is the hundreds digit of 916168988?
9
What is the hundreds digit of 390481432?
4
What is the millions digit of 4391464022?
1
What is the hundreds digit of 378916263?
2
What is the hundred thousands digit of 137357247?
3
What is the millions digit of 1058450136?
8
What is the thousands digit of 270519589?
9
What is the millions digit of 232530018?
2
What is the hundred thousands digit of 163714780?
7
What is the hundred millions digit of 194623372?
1
What is the thousands digit of 137865026?
5
What is the ten thousands digit of 148237512?
3
What is the tens digit of 92133027?
2
What is the thousands digit of 252538912?
8
What is the hundred millions digit of 240905000?
2
What is the hundred thousands digit of 47675401?
6
What is the hundred millions digit of 464252552?
4
What is the hundreds digit of 24519352?
3
What is the tens digit of 86560708?
0
What is the units digit of 34851711?
1
What is the thousands digit of 512174784?
4
What is the hundreds digit of 339747604?
6
What is the ten thousands digit of 230897080?
9
What is the ten thousands digit of 7113048157?
4
What is the hundred thousands digit of 574062291?
0
What is the hundred millions digit of 176452941?
1
What is the hundreds digit of 57167875?
8
What is the units digit of 347327?
7
What is the ten thousands digit of 6485247911?
4
What is the ten millions digit of 25256873?
2
What is the tens digit of 371948329?
2
What is the tens digit of 346009644?
4
What is the units digit of 359610585?
5
What is the hundred thousands digit of 37402418?
4
What is the hundreds digit of 581591717?
7
What is the millions digit of 545395925?
5
What is the tens digit of 223586926?
2
What is the hundreds digit of 134195036?
0
What is the hundreds digit of 52173122?
1
What is the thousands digit of 1770669197?
9
What is the millions digit of 170619827?
0
What is the tens digit of 47506132?
3
What is the hundred thousands digit of 2037508?
0
What is the hundreds digit of 112174954?
9
What is the ten millions digit of 36774155?
3
What is the hundred thousands digit of 535032912?
0
What is the tens digit of 56482703?
0
What is the tens digit of 63118568?
6
What is the hundreds digit of 26994837?
8
What is the hundred thousands digit of 133346981?
3
What is the millions digit of 419114506?
9
What is the ten millions digit of 2165690754?
6
What is the ten millions digit of 221311417?
2
What is the tens digit of 1003634462?
6
What is the hundred thousands digit of 811754980?
7
What is the thousands digit of 181150227?
0
What is the millions digit of 68112061?
8
What is the ten millions digit of 17483227?
1
What is the tens digit of 311747176?
7
What is the tens digit of 619005109?
0
What is the ten thousands digit of 4163316424?
1
What is the millions digit of 203063210?
3
What is the millions digit of 244661786?
4
What is the hundreds digit of 1498956539?
5
What is the thousands digit of 80553669?
3
What is the tens digit of 375792238?
3
What is the ten millions digit of 258361195?
5
What is the millions digit of 276761205?
6
What is the tens digit of 5255468?
6
What is the ten millions digit of 107617983?
0
What is the ten millions digit of 3202710631?
0
What is the hundreds digit of 36973220?
2
What is the hundreds digit of 31266107?
1
What is the millions digit of 269227663?
9
What is the ten thousands digit of 2766997565?
9
What is the millions digit of 8413406592?
3
What is the ten thousands digit of 86454156?
5
What is the thousands digit of 3318362569?
2
What is the billions digit of 4948390463?
4
What is the thousands digit of 1941132638?
2
What is the ten millions digit of 325813218?
2
What is the hundred thousands digit of 76028874?
0
What is the ten millions digit of 2457800333?
5
What is the ten millions digit of 473026115?
7
What is the ten thousands digit of 114311507?
1
What is the hundreds digit of 788824601?
6
What is the units digit of 2158348090?
0
What is the units digit of 3950835657?
7
What is the ten millions digit of 37200666?
3
What is the thousands digit of 138925896?
5
What is the units digit of 100883926?
6
What is the millions digit of 51476686?
1
What is the tens digit of 40915162?
6
What is the units digit of 1719995537?
7
What is the millions digit of 102729334?
2
What is the tens digit of 984272177?
7
What is the units digit of 19420730?
0
What is the ten millions digit of 5395990581?
9
What is the ten thousands digit of 1226541260?
4
What is the ten thousands digit of 151830087?
3
What is the hundred thousands digit of 7713687?
7
What is the hundred thousands digit of 1506809920?
8
What is the units digit of 40736290?
0
What is the ten millions digit of 190459817?
9
What is the hundred thousands digit of 45601587?
6
What is the thousands digit of 7570655395?
5
What is the hundred thousands digit of 80350645?
3
What is the units digit of 40788567?
7
What is the millions digit of 168517013?
8
What is the hundred millions digit of 180284886?
1
What is the tens digit of 63242133?
3
What is the ten millions digit of 485785241?
8
What is the units digit of 841365994?
4
What is the hundred thousands digit of 88859655?
8
What is the ten millions digit of 128430872?
2
What is the thousands digit of 122332870?
2
What is the thousands digit of 88930649?
0
What is the hundreds digit of 35777602?
6
What is the hundreds digit of 60377775?
7
What is the hundred millions digit of 508684629?
5
What is the millions digit of 245784288?
5
What is the hundred thousands digit of 41021947?
0
What is the tens digit of 17979762?
6
What is the thousands digit of 464958044?
8
What is the ten thousands digit of 1031109141?
0
What is the millions digit of 123675015?
3
What is the ten millions digit of 38906971?
3
What is the hundred thousands digit of 49015537?
0
What is the thousands digit of 51427513?
7
What is the ten millions digit of 24747055?
2
What is the hundreds digit of 420728041?
0
What is the units digit of 254577336?
6
What is the ten thousands digit of 1060756659?
5
What is the hundred thousands digit of 254376700?
3
What is the millions digit of 139501298?
9
What is the units digit of 78152080?
0
What is the hundred millions digit of 8281445138?
2
What is the millions digit of 3985786257?
5
What is the ten thousands digit of 768707881?
0
What is the units digit of 1095239922?
2
What is the ten thousands digit of 28187178?
8
What is the units digit of 5876105?
5
What is the units digit of 43405806?
6
What is the tens digit of 65930882?
8
What is the hundred thousands digit of 172089090?
0
What is the units digit of 1001201030?
0
What is the tens digit of 54468603?
0
What is the millions digit of 8685633?
8
What is the tens digit of 1631105334?
3
What is the hundreds digit of 2567994821?
8
What is the units digit of 3261744269?
9
What is the ten thousands digit of 4122995789?
9
What is the thousands digit of 688788319?
8
What is the ten millions digit of 75430686?
7
What is the thousands digit of 15701625?
1
What is the millions digit of 181897462?
1
What is the millions digit of 9124653?
9
What is the hundred millions digit of 22758